{"id":3821,"date":"2025-03-19T17:53:06","date_gmt":"2025-03-19T16:53:06","guid":{"rendered":"https:\/\/fundacionopcionmundial.org\/?page_id=3821"},"modified":"2025-04-04T17:07:41","modified_gmt":"2025-04-04T15:07:41","slug":"becas","status":"publish","type":"page","link":"https:\/\/fundacionopcionmundial.org\/index.php\/becas\/","title":{"rendered":"Becas"},"content":{"rendered":"\t\t<div data-elementor-type=\"wp-page\" data-elementor-id=\"3821\" class=\"elementor elementor-3821\" data-elementor-post-type=\"page\">\n\t\t\t\t<div class=\"elementor-element elementor-element-332bc89 e-con-full animated-slow elementor-hidden-mobile e-flex wpr-particle-no wpr-jarallax-no wpr-parallax-no wpr-sticky-section-no wpr-equal-height-no elementor-invisible e-con e-parent\" data-id=\"332bc89\" data-element_type=\"container\" data-e-type=\"container\" data-settings=\"{&quot;background_background&quot;:&quot;classic&quot;,&quot;animation&quot;:&quot;fadeIn&quot;,&quot;animation_delay&quot;:50}\">\n\t\t\t\t<\/div>\n\t\t<div class=\"elementor-element elementor-element-0280876 elementor-hidden-desktop elementor-hidden-tablet e-flex e-con-boxed wpr-particle-no wpr-jarallax-no wpr-parallax-no wpr-sticky-section-no wpr-equal-height-no e-con e-parent\" data-id=\"0280876\" data-element_type=\"container\" data-e-type=\"container\" data-settings=\"{&quot;background_background&quot;:&quot;classic&quot;,&quot;animation_mobile&quot;:&quot;fadeIn&quot;}\">\n\t\t\t\t\t<div class=\"e-con-inner\">\n\t\t\t\t\t<\/div>\n\t\t\t\t<\/div>\n\t\t\t\t<section class=\"elementor-section elementor-top-section elementor-element elementor-element-9929b780 elementor-section-boxed elementor-section-height-default elementor-section-height-default wpr-particle-no wpr-jarallax-no wpr-parallax-no wpr-sticky-section-no wpr-equal-height-no\" data-id=\"9929b780\" data-element_type=\"section\" data-e-type=\"section\" data-settings=\"{&quot;background_background&quot;:&quot;classic&quot;}\">\n\t\t\t\t\t\t<div class=\"elementor-container elementor-column-gap-default\">\n\t\t\t\t\t<div class=\"elementor-column elementor-col-50 elementor-top-column elementor-element elementor-element-3055258\" data-id=\"3055258\" data-element_type=\"column\" data-e-type=\"column\">\n\t\t\t<div class=\"elementor-widget-wrap elementor-element-populated\">\n\t\t\t\t\t\t<div class=\"elementor-element elementor-element-37c145e0 elementor-widget elementor-widget-image\" data-id=\"37c145e0\" data-element_type=\"widget\" data-e-type=\"widget\" data-widget_type=\"image.default\">\n\t\t\t\t<div class=\"elementor-widget-container\">\n\t\t\t\t\t\t\t\t\t\t\t\t\t\t\t<img fetchpriority=\"high\" decoding=\"async\" width=\"1024\" height=\"819\" src=\"https:\/\/fundacionopcionmundial.org\/wp-content\/uploads\/2025\/04\/imagen-senalando-a-la-derecha-1-1024x819.webp\" class=\"attachment-large size-large wp-image-4492\" alt=\"\" srcset=\"https:\/\/fundacionopcionmundial.org\/wp-content\/uploads\/2025\/04\/imagen-senalando-a-la-derecha-1-1024x819.webp 1024w, https:\/\/fundacionopcionmundial.org\/wp-content\/uploads\/2025\/04\/imagen-senalando-a-la-derecha-1-300x240.webp 300w, https:\/\/fundacionopcionmundial.org\/wp-content\/uploads\/2025\/04\/imagen-senalando-a-la-derecha-1-768x614.webp 768w, https:\/\/fundacionopcionmundial.org\/wp-content\/uploads\/2025\/04\/imagen-senalando-a-la-derecha-1-1536x1229.webp 1536w, https:\/\/fundacionopcionmundial.org\/wp-content\/uploads\/2025\/04\/imagen-senalando-a-la-derecha-1-2048x1638.webp 2048w\" sizes=\"(max-width: 1024px) 100vw, 1024px\" \/>\t\t\t\t\t\t\t\t\t\t\t\t\t\t\t<\/div>\n\t\t\t\t<\/div>\n\t\t\t\t\t<\/div>\n\t\t<\/div>\n\t\t\t\t<div class=\"elementor-column elementor-col-50 elementor-top-column elementor-element elementor-element-590fde49\" data-id=\"590fde49\" data-element_type=\"column\" data-e-type=\"column\">\n\t\t\t<div class=\"elementor-widget-wrap elementor-element-populated\">\n\t\t\t\t\t\t<div class=\"elementor-element elementor-element-3d53365b elementor-widget elementor-widget-heading\" data-id=\"3d53365b\" data-element_type=\"widget\" data-e-type=\"widget\" data-widget_type=\"heading.default\">\n\t\t\t\t<div class=\"elementor-widget-container\">\n\t\t\t\t\t<h2 class=\"elementor-heading-title elementor-size-default\">ACCEDE A BECA EDUCATIVO 50% o 40%\n<\/h2>\t\t\t\t<\/div>\n\t\t\t\t<\/div>\n\t\t\t\t<div class=\"elementor-element elementor-element-2270613e wpr-advanced-accordion-icon-no-box elementor-widget elementor-widget-wpr-advanced-accordion\" data-id=\"2270613e\" data-element_type=\"widget\" data-e-type=\"widget\" data-settings=\"{&quot;active_item&quot;:1}\" data-widget_type=\"wpr-advanced-accordion.default\">\n\t\t\t\t<div class=\"elementor-widget-container\">\n\t\t\t\t\t\n            <div class=\"wpr-advanced-accordion\" data-accordion-type=\"accordion\" data-active-index=\"1\" data-accordion-trigger=\"click\" data-interaction-speed=\"0.4\">\n\n\t\t\t\n                \n\t\t\t\t\t<div class=\"wpr-accordion-item-wrap\">\n\t\t\t\t\t\t<button class=\"wpr-acc-button\">\n\t\t\t\t\t\t\t<span class=\"wpr-acc-item-title\">\n\t\t\t\t\t\t\t\t\t\t\t\t<span class=\"wpr-title-icon\">\n\t\t\t\t\t<i aria-hidden=\"true\" class=\"fas fa-desktop\"><\/i>\t\t\t\t<\/span>\n\t\t\t\n\t\t\t\t\t\t\t\t<span class=\"wpr-acc-title-text\">\u00bfQue Beneficios trae la beca educativo?<\/span>\n\t\t\t\t\t\t\t<\/span>\n\t\t\t\t\t\t\t\t\t\t\t<span class=\"wpr-toggle-icon wpr-ti-close\"><\/span>\n\t\t\t\t<span class=\"wpr-toggle-icon wpr-ti-open\"><\/span>\n\t\t\t\t\t\t\t\t\t<\/button>\n\n\t\t\t\t\t\t<div class=\"wpr-acc-panel\">\n\t\t\t\t\t\t\t\t\t\t\t\t\t\t\t<div class=\"wpr-acc-panel-content\"><ul style=\"list-style-type: disc; text-align: justify; padding: 0 20px; max-width: 600px; margin: auto;\"><li>El 40% o 50% del valor de todo programa t\u00e9cnico laboral o bachillerato durante el tiempo o periodo total del proceso formativo.<\/li><li>50% beca educativa para niveles de ingl\u00e9s.<\/li><li>Vinculaci\u00f3n al programa de EMPRENDER PARA ESTUDIAR.<\/li><li>4 Seminarios gratuitos a los que se accede manteni\u00e9ndose al d\u00eda con las obligaciones del programa t\u00e9cnico.<\/li><\/ul><\/div>\n\t\t\t\t\t\t\t\t\t\t\t\t\t<\/div>\n                    <\/div>\n\n                \n\t\t\t\t\t<div class=\"wpr-accordion-item-wrap\">\n\t\t\t\t\t\t<button class=\"wpr-acc-button\">\n\t\t\t\t\t\t\t<span class=\"wpr-acc-item-title\">\n\t\t\t\t\t\t\t\t\t\t\t\t<span class=\"wpr-title-icon\">\n\t\t\t\t\t<i aria-hidden=\"true\" class=\"fab fa-telegram-plane\"><\/i>\t\t\t\t<\/span>\n\t\t\t\n\t\t\t\t\t\t\t\t<span class=\"wpr-acc-title-text\">\u00bfQuienes pueden participar?<\/span>\n\t\t\t\t\t\t\t<\/span>\n\t\t\t\t\t\t\t\t\t\t\t<span class=\"wpr-toggle-icon wpr-ti-close\"><\/span>\n\t\t\t\t<span class=\"wpr-toggle-icon wpr-ti-open\"><\/span>\n\t\t\t\t\t\t\t\t\t<\/button>\n\n\t\t\t\t\t\t<div class=\"wpr-acc-panel\">\n\t\t\t\t\t\t\t\t\t\t\t\t\t\t\t<div class=\"wpr-acc-panel-content\"><div style=\"text-align: justify; padding: 0 20px; max-width: 600px; margin: auto;\"><p>Tener m\u00ednimo 16 a\u00f1os a la fecha de la matr\u00edcula.<\/p><p><strong>Nota:<\/strong> Para bachillerato aplica a partir de los 14 a\u00f1os.<\/p><p>Diligenciar formulario de inscripci\u00f3n (Post\u00falate), el cual encontrar\u00e1 un hiperv\u00ednculo que lo redireccionar\u00e1 al formulario de la p\u00e1gina web de la Fundaci\u00f3n Opci\u00f3n Mundial.<\/p><p><strong>Nota:<\/strong> Cuando ya realices tu inscripci\u00f3n a nuestra Fundaci\u00f3n Opci\u00f3n Mundial, quedar\u00e1s como BENEFICIARIO POSTULANTE.<\/p><\/div><\/div>\n\t\t\t\t\t\t\t\t\t\t\t\t\t<\/div>\n                    <\/div>\n\n                \n\t\t\t\t\t<div class=\"wpr-accordion-item-wrap\">\n\t\t\t\t\t\t<button class=\"wpr-acc-button\">\n\t\t\t\t\t\t\t<span class=\"wpr-acc-item-title\">\n\t\t\t\t\t\t\t\t\t\t\t\t<span class=\"wpr-title-icon\">\n\t\t\t\t\t<i aria-hidden=\"true\" class=\"fas fa-layer-group\"><\/i>\t\t\t\t<\/span>\n\t\t\t\n\t\t\t\t\t\t\t\t<span class=\"wpr-acc-title-text\">Que documentos necesito para Matricularme:<\/span>\n\t\t\t\t\t\t\t<\/span>\n\t\t\t\t\t\t\t\t\t\t\t<span class=\"wpr-toggle-icon wpr-ti-close\"><\/span>\n\t\t\t\t<span class=\"wpr-toggle-icon wpr-ti-open\"><\/span>\n\t\t\t\t\t\t\t\t\t<\/button>\n\n\t\t\t\t\t\t<div class=\"wpr-acc-panel\">\n\t\t\t\t\t\t\t\t\t\t\t\t\t\t\t<div class=\"wpr-acc-panel-content\"><ul><li>Copia de documentos de identidad.<\/li><li>Copia de diploma o certificado acad\u00e9mico del \u00faltimo a\u00f1o cursado.<\/li><li>Copia de recibo p\u00fablico.<\/li><\/ul><\/div>\n\t\t\t\t\t\t\t\t\t\t\t\t\t<\/div>\n                    <\/div>\n\n                \n\t\t\t\t\t<div class=\"wpr-accordion-item-wrap\">\n\t\t\t\t\t\t<button class=\"wpr-acc-button\">\n\t\t\t\t\t\t\t<span class=\"wpr-acc-item-title\">\n\t\t\t\t\t\t\t\t\t\t\t\t<span class=\"wpr-title-icon\">\n\t\t\t\t\t<i aria-hidden=\"true\" class=\"far fa-edit\"><\/i>\t\t\t\t<\/span>\n\t\t\t\n\t\t\t\t\t\t\t\t<span class=\"wpr-acc-title-text\">Como puedo ser beneficiario a una beca OPCION MUNDIAL<\/span>\n\t\t\t\t\t\t\t<\/span>\n\t\t\t\t\t\t\t\t\t\t\t<span class=\"wpr-toggle-icon wpr-ti-close\"><\/span>\n\t\t\t\t<span class=\"wpr-toggle-icon wpr-ti-open\"><\/span>\n\t\t\t\t\t\t\t\t\t<\/button>\n\n\t\t\t\t\t\t<div class=\"wpr-acc-panel\">\n\t\t\t\t\t\t\t\t\t\t\t\t\t\t\t<div class=\"wpr-acc-panel-content\"><ol class=\"steps-list\"><li>Post\u00falate a la fundaci\u00f3n opci\u00f3n mundial.<\/li><li>Legaliza tu matr\u00edcula en la instituci\u00f3n Elyon Yireh.<\/li><li>Presenta tu bono de subsidio al momento de realizar convenio de pago con la instituci\u00f3n educativa para aplicarlo.<\/li><\/ol><p class=\"note\">Nota: Los programas t\u00e9cnicos tienen una duraci\u00f3n de un a\u00f1o, 4 trimestres. Cada trimestre se renovar\u00e1 el subsidio.<\/p><p><style>.steps-list { list-style-type: decimal; padding-left: 20px; font-family: Arial, sans-serif; } .note { margin-top: 10px; font-style: italic; color: #555; }<\/style><\/p><\/div>\n\t\t\t\t\t\t\t\t\t\t\t\t\t<\/div>\n                    <\/div>\n\n                            <\/div>\n        \t\t\t\t<\/div>\n\t\t\t\t<\/div>\n\t\t\t\t\t<\/div>\n\t\t<\/div>\n\t\t\t\t\t<\/div>\n\t\t<\/section>\n\t\t\t\t<\/div>\n\t\t","protected":false},"excerpt":{"rendered":"<p>ACCEDE A BECA EDUCATIVO 50% o 40% \u00bfQue Beneficios trae la beca educativo? El 40% o 50% del valor de todo programa t\u00e9cnico laboral o bachillerato durante el tiempo o periodo total del proceso formativo. 50% beca educativa para niveles de ingl\u00e9s. Vinculaci\u00f3n al programa de EMPRENDER PARA ESTUDIAR. 4 Seminarios gratuitos a los que se accede manteni\u00e9ndose al d\u00eda con las obligaciones del programa t\u00e9cnico. \u00bfQuienes pueden participar? Tener m\u00ednimo 16 a\u00f1os a la fecha de la matr\u00edcula. Nota: Para bachillerato aplica a partir de los 14 a\u00f1os. Diligenciar formulario de inscripci\u00f3n (Post\u00falate), el cual encontrar\u00e1 un hiperv\u00ednculo que lo redireccionar\u00e1 al formulario de la p\u00e1gina web de la Fundaci\u00f3n Opci\u00f3n Mundial. Nota: Cuando ya realices tu inscripci\u00f3n a nuestra Fundaci\u00f3n Opci\u00f3n Mundial, quedar\u00e1s como BENEFICIARIO POSTULANTE. Que documentos necesito para Matricularme: Copia de documentos de identidad. Copia de diploma o certificado acad\u00e9mico del \u00faltimo a\u00f1o cursado. Copia de recibo p\u00fablico. Como puedo ser beneficiario a una beca OPCION MUNDIAL Post\u00falate a la fundaci\u00f3n opci\u00f3n mundial. Legaliza tu matr\u00edcula en la instituci\u00f3n Elyon Yireh. Presenta tu bono de subsidio al momento de realizar convenio de pago con la instituci\u00f3n educativa para aplicarlo. Nota: Los programas t\u00e9cnicos tienen una duraci\u00f3n de un a\u00f1o, 4 trimestres. Cada trimestre se renovar\u00e1 el subsidio.<\/p>\n","protected":false},"author":1,"featured_media":0,"parent":0,"menu_order":0,"comment_status":"closed","ping_status":"closed","template":"","meta":{"_uag_custom_page_level_css":"","site-sidebar-layout":"no-sidebar","site-content-layout":"","ast-site-content-layout":"full-width-container","site-content-style":"default","site-sidebar-style":"default","ast-global-header-display":"","ast-banner-title-visibility":"","ast-main-header-display":"","ast-hfb-above-header-display":"","ast-hfb-below-header-display":"","ast-hfb-mobile-header-display":"","site-post-title":"disabled","ast-breadcrumbs-content":"","ast-featured-img":"disabled","footer-sml-layout":"","theme-transparent-header-meta":"","adv-header-id-meta":"","stick-header-meta":"","header-above-stick-meta":"","header-main-stick-meta":"","header-below-stick-meta":"","astra-migrate-meta-layouts":"default","ast-page-background-enabled":"default","ast-page-background-meta":{"desktop":{"background-color":"var(--ast-global-color-4)","background-image":"","background-repeat":"repeat","background-position":"center center","background-size":"auto","background-attachment":"scroll","background-type":"","background-media":"","overlay-type":"","overlay-color":"","overlay-gradient":""},"tablet":{"background-color":"","background-image":"","background-repeat":"repeat","background-position":"center center","background-size":"auto","background-attachment":"scroll","background-type":"","background-media":"","overlay-type":"","overlay-color":"","overlay-gradient":""},"mobile":{"background-color":"","background-image":"","background-repeat":"repeat","background-position":"center center","background-size":"auto","background-attachment":"scroll","background-type":"","background-media":"","overlay-type":"","overlay-color":"","overlay-gradient":""}},"ast-content-background-meta":{"desktop":{"background-color":"var(--ast-global-color-5)","background-image":"","background-repeat":"repeat","background-position":"center center","background-size":"auto","background-attachment":"scroll","background-type":"","background-media":"","overlay-type":"","overlay-color":"","overlay-gradient":""},"tablet":{"background-color":"var(--ast-global-color-5)","background-image":"","background-repeat":"repeat","background-position":"center center","background-size":"auto","background-attachment":"scroll","background-type":"","background-media":"","overlay-type":"","overlay-color":"","overlay-gradient":""},"mobile":{"background-color":"var(--ast-global-color-5)","background-image":"","background-repeat":"repeat","background-position":"center center","background-size":"auto","background-attachment":"scroll","background-type":"","background-media":"","overlay-type":"","overlay-color":"","overlay-gradient":""}},"footnotes":""},"class_list":["post-3821","page","type-page","status-publish","hentry"],"uagb_featured_image_src":{"full":false,"thumbnail":false,"medium":false,"medium_large":false,"large":false,"1536x1536":false,"2048x2048":false},"uagb_author_info":{"display_name":"directortic","author_link":"https:\/\/fundacionopcionmundial.org\/author\/directortic\/"},"uagb_comment_info":0,"uagb_excerpt":"ACCEDE A BECA EDUCATIVO 50% o 40% \u00bfQue Beneficios trae la beca educativo? El 40% o 50% del valor de todo programa t\u00e9cnico laboral o bachillerato durante el tiempo o periodo total del proceso formativo. 50% beca educativa para niveles de ingl\u00e9s. Vinculaci\u00f3n al programa de EMPRENDER PARA ESTUDIAR. 4 Seminarios gratuitos a los que&hellip;","_links":{"self":[{"href":"https:\/\/fundacionopcionmundial.org\/index.php\/wp-json\/wp\/v2\/pages\/3821","targetHints":{"allow":["GET"]}}],"collection":[{"href":"https:\/\/fundacionopcionmundial.org\/index.php\/wp-json\/wp\/v2\/pages"}],"about":[{"href":"https:\/\/fundacionopcionmundial.org\/index.php\/wp-json\/wp\/v2\/types\/page"}],"author":[{"embeddable":true,"href":"https:\/\/fundacionopcionmundial.org\/index.php\/wp-json\/wp\/v2\/users\/1"}],"replies":[{"embeddable":true,"href":"https:\/\/fundacionopcionmundial.org\/index.php\/wp-json\/wp\/v2\/comments?post=3821"}],"version-history":[{"count":416,"href":"https:\/\/fundacionopcionmundial.org\/index.php\/wp-json\/wp\/v2\/pages\/3821\/revisions"}],"predecessor-version":[{"id":5886,"href":"https:\/\/fundacionopcionmundial.org\/index.php\/wp-json\/wp\/v2\/pages\/3821\/revisions\/5886"}],"wp:attachment":[{"href":"https:\/\/fundacionopcionmundial.org\/index.php\/wp-json\/wp\/v2\/media?parent=3821"}],"curies":[{"name":"wp","href":"https:\/\/api.w.org\/{rel}","templated":true}]}}